et k(w) = -w**2 - 4*w + 15. Let a be k(h). Suppose 3*q - 14 = 13. What is the highest common divisor of a and q?
3
Let f(w) = 2*w - 6. Let h be f(5). Let n be (-44)/(-10) - (-4)/(-10). What is the highest common factor of n and h?
4
Suppose -4 = g, 4*c - 465 = c - 3*g. Let l be c - (-5 + 6/2). Suppose 49 + l = 2*r. What is the greatest common factor of r and 15?
15
Suppose 605 = -4*v + 9*v. Calculate the greatest common factor of v and 11.
11
Let z(l) = l**2 + l + 1. Let c be z(-2). Suppose a = o + c*a - 42, 2*o - 80 = -5*a. Calculate the highest common divisor of 20 and o.
10
Let l = 42 - 36. Calculate the greatest common factor of l and 24.
6
Let b be (-2 - 8)*50/(-4). Let y(h) = 3*h**2 + 6*h + 5. Let r be y(-5). What is the highest common factor of b and r?
25
Let g be -7 - 0 - -8 - (-14 - 1). What is the greatest common factor of g and 24?
8
Suppose -6*f = -f - 180. Let g = f + -12. Calculate the highest common factor of g and 6.
6
Suppose -2*r = -0*u + 3*u + 877, -5*u + 4*r - 1425 = 0. Let w = u + 469. What is the greatest common divisor of 18 and w?
18
Suppose 4*i - 56 = 2*i. Let d be 12/9 + (-4)/(-6). Suppose -27 + d = -2*a + 3*y, -4*a + 54 = -2*y. Calculate the greatest common factor of a and i.
14
Suppose i = -4*i + 425. What is the greatest common factor of 17 and i?
17
Let u be 3/4 - 17/(-4). Suppose -3*n = 2*w - 192, -u*w - 2*n = -5*n - 438. What is the highest common factor of w and 18?
18
Suppose 0 = -5*m + 4*k + 22, 2*m - 2*k = -2*m + 14. Suppose m*l + 3 - 99 = 0. What is the greatest common factor of l and 32?
16
Let t be ((-18)/4)/((-3)/4). What is the greatest common divisor of t and 42?
6
Suppose -4*h = 3*k + 37 + 41, 82 = -4*k + 2*h. Let m be k/(-6) + 4/(-6). Calculate the greatest common factor of 6 and m.
3
Let y = 21 + -26. Let q(k) = -k**3 - 2*k**2 + 2*k - 1. Let a be q(y). Let w be 1/3 - (-46)/6. What is the highest common factor of w and a?
8
Let d be -1 - -12 - (7 + -5). Suppose 4*f - 425 = -5*i, -9*i + 3*f = -7*i - 147. Calculate the highest common factor of d and i.
9
Let j = 623 + -284. Suppose -j = 5*k - s + 261, -k - 4*s = 141. Let i = k - -256. What is the greatest common factor of 15 and i?
15
Let u(b) = b**2 - 2*b - 1. Let g be u(5). Calculate the greatest common divisor of 70 and g.
14
Let v(f) = f**3 - 8*f**2 - 10*f - 8. Let b be v(9). Let r = 48 + b. Calculate the highest common divisor of 279 and r.
31
Let k = 14 - -90. Let f = 89 - 76. Calculate the greatest common divisor of f and k.
13
Let o(b) = b**2 - 5*b - 17. Let i be o(8). What is the greatest common divisor of i and 63?
7
Suppose -14 = -5*k + 6. Suppose 2*t + 3*i = -3, k*t = 9*t + 5*i + 15. Let q be t/(1 - 3) - -3. What is the highest common factor of 24 and q?
6
Let d be (2/(-5))/((-4)/30). Let q be 106 - (5 - d/1). What is the highest common divisor of 13 and q?
13
Suppose -h + 13 = -4. Let p be 2 + (h - 3) + -1. Let o = -62 - -122. Calculate the greatest common factor of p and o.
15
Suppose -3*c = -2*c - 25. Suppose 0*k + k - 2 = 0. Suppose 3*d = k*s - 2*d - 40, 5*s = 5*d + 70. What is the greatest common factor of s and c?
5
Let o = 2 - -5. What is the greatest common divisor of o and 7?
7
Let g be 24/(-1)*2/(-4). Let h(i) = i**3 - 4*i**2 + 8*i - 5. Let w be h(5). What is the greatest common factor of w and g?
12
Let q(f) = -f + 7. Suppose -3*p + 12 + 3 = 0. Let w be q(p). Suppose -w*g = g - 72. What is the greatest common divisor of 12 and g?
12
Let v(r) = 12*r**2 + 5*r + 4. Suppose 0 = 4*m - 5*l - 4, -l + 12 = -4*l. Let o be v(m). Let g = 13 + 3. Calculate the highest common factor of g and o.
16
Let j(v) = 12*v. Let m be j(2). What is the greatest common divisor of m and 192?
24
Let l(q) = -q**3 + 22*q**2 + 2*q - 9. Let j be l(22). What is the greatest common factor of j and 25?
5
Suppose -6 + 14 = y. Calculate the greatest common factor of 4 and y.
4
Let t = 91 + -55. What is the highest common divisor of t and 4?
4
Let f = 8 - 6. Suppose 0 = -4*k + 6*k - 4*m - 48, 56 = f*k - 2*m. What is the greatest common factor of k and 4?
4
Suppose 11 = 3*c + 5. Calculate the greatest common divisor of c and 1.
1
Let p be (-3032)/(-28) + -1 + 10/14. Suppose 307 - 22 = 5*s. Suppose -3*m + s = 4*h, -m + 1 - 10 = -h. Calculate the greatest common divisor of h and p.
12
Let r be 17 - 27/(-18)*8/3. Calculate the greatest common factor of 168 and r.
21
Let c be (-1)/(-1*17/(-9) - 2). Calculate the highest common factor of c and 45.
9
Suppose r = 4, 4*o + 4*r - 96 = 5*r. Suppose 4*m + x - 44 = 5*x, 0 = 2*m + 5*x + 13. Suppose -m*b + b = -o. Calculate the greatest common divisor of 40 and b.
5
Let m be 73/2 + (-12)/24. Let j = 9 - 6. Suppose -j*l - 210 = -4*k, -2*l = -3*k + 186 - 28. What is the greatest common factor of m and k?
18
Suppose -16*g + 21*g = 375. Let j = 183 - g. Suppose -4*i + 50 - 2 = 0. Calculate the greatest common divisor of j and i.
12
Let d = 11 - 5. Suppose 8 = -0*u + 2*u, 0 = t - 3*u + 8. Calculate the highest common factor of t and d.
2
Let a = -756 - -1060. Suppose -372 = -4*h + 4*r - 60, 4*h - a = -4*r. Calculate the greatest common divisor of 11 and h.
11
Let i be (-2)/10 - 122/(-10). Let r(j) = j**3 + j**2 + j + 3. Let t be r(0). Calculate the greatest common factor of t and i.
3
Suppose -4*d = 2*x - 122, -5*x + 113 = 2*d + 2*d. Suppose -3*v = -v - d. Suppose 7*j - 6*j - 80 = 0. What is the greatest common divisor of v and j?
16
Let u(m) be the second derivative of -m**4/12 - m**3/6 + 7*m**2/2 + m. Let j be u(0). Let o = 105 - 56. What is the highest common divisor of j and o?
7
Let b = -49 + 88. Suppose -3*w = -0*w - b. Suppose -3*q + 286 = -q. What is the greatest common divisor of q and w?
13
Suppose 2*s + 4 = -0*s. Let x be ((-24)/(-15) + s)*-715. What is the highest common divisor of 26 and x?
26
Let b be 0 + 0 - (4 + -7). Let y(o) = 2*o + 1. Let g be y(b). Calculate the greatest common factor of g and 56.
7
Let j(i) = -i**3 + 7*i**2 - 6*i + 8. Let n be j(6). Calculate the highest common divisor of 2 and n.
2
Let t(n) = n**3 - 3*n**2 + n + 1. Let v be t(3). Suppose -5*a = -2*a, 4*a + 9 = 3*l. Suppose s - 4 = -l. What is the greatest common divisor of s and v?
1
Suppose 2*v = 7*v - 105. Let q = 40 + -32. Let d be (-7 - -1)/(q - 10). Calculate the highest common factor of d and v.
3
Suppose -3*m + 5*m = 12. Calculate the highest common divisor of m and 9.
3
Let s(n) = n**2 - 2*n + 1. Let l be s(-5). Suppose -2*i + 0*i + 8 = 0. What is the greatest common factor of l and i?
4
Let d = -115 - -199. Suppose 4*x + m = 7, -5 = 5*x + 2*m + 2*m. Suppose 0*b - u = b - 15, -x*b + 51 = 5*u. Calculate the greatest common divisor of d and b.
12
Let r be 32/6*(1 + 2). Let s(c) = c**2 - 6*c - 8. Let y be s(7). Let f be y + 2*34 - 3. Calculate the highest common divisor of r and f.
16
Suppose -2*n - 5*j = -12, -6 = -4*n + 3*n - j. Suppose n = r + 1. Suppose 42 = 3*x + r*v, v + 0*v = -4*x + 56. What is the greatest common factor of x and 126?
14
Let k = -38 - -163. Suppose -3*f - 5*u + k = -69, 4*f - 257 = -5*u. Calculate the highest common factor of 7 and f.
7
Let p be ((-204)/16)/((-5)/20). What is the highest common factor of p and 17?
17
Suppose -2*u = -729 + 243. Suppose 0*j - u = -3*j. What is the highest common factor of j and 9?
9
Let l be (-490)/(-25) + 2/5. Let h = -4 + 8. Calculate the highest common factor of h and l.
4
Let p(v) = -v**3 - 3*v**2 + 3. Let r be p(-3). Suppose r*s - 26 = 61. Suppose i - s - 14 = -2*k, 0 = i + 1. Calculate the highest common factor of k and 2.
2
Let d(l) = -l**2 + 6*l - 2. Let w be 8*(-2)/8*-2. Let c be d(w). What is the highest common divisor of c and 3?
3
Let w(o) = -7*o + 5. Let g be w(-5). Suppose 2*l - 252 = -3*f - 77, 4*l - 293 = -5*f. Let u = f - g. What is the highest common factor of u and 17?
17
Let p be ((-4)/1 - -4)/1. Suppose 0 = -p*a - a + 26. What is the highest common factor of a and 65?
13
Let k(c) = -11*c - 13. Let d be k(-3). Calculate the greatest common divisor of d and 10.
10
Suppose -2*c = 1 - 7. Suppose -c*v + 2*v + 16 = 0. Calculate the highest common divisor of 4 and v.
4
Suppose -7 = 2*z - 3*n, 5*z - n - 2 = -0*z. Let b = -13 - -15. Let u be 35/4 - b/(-8). Calculate the highest common divisor of z and u.
1
Suppose -5*o + 195 = -5*i, 3*o - 156 = -o + 2*i. Let s be (-4 - (-